 = -4*s, 2*s = -u + l*u - t. What is the units digit of u?
0
Let t(o) = 46732*o**3 - 4*o**2 - o + 6. What is the ten thousands digit of t(1)?
4
Let s(y) = -2*y**3 + 39*y**2 - 11*y - 17. Let d be s(20). Let o = -440 - d. What is the units digit of o?
7
Let t(h) = 115*h - 2. Let o be t(2). Suppose -3*i + o = -30. Let s = i + -49. What is the units digit of s?
7
Let l = 224 + -216. Suppose l*g - 5062 + 110 = 0. What is the tens digit of g?
1
Suppose -g - 38 - 49 = 4*q, -3*g = 4*q + 221. Suppose 2*i + 3*i + l = 1564, -3*l - 316 = -i. Let z = g + i. What is the hundreds digit of z?
2
Suppose -5*z - 2*b = -25265, 0 = -5*z - 14*b + 11*b + 25270. Suppose -4*f + z = 1483. What is the hundreds digit of f?
8
Suppose -110*z + 258065 = -804865. What is the hundreds digit of z?
6
Suppose 2*q = -d + 620, -626 = -d - 3*q + 7*q. Suppose -73*s = -71*s - d. What is the tens digit of s?
1
What is the hundreds digit of (-25)/((-2375)/10279)*255?
5
Let b(d) = -79*d - 19. Suppose -z - 4*l = 13, -3*z + 0*l + 5*l - 5 = 0. What is the tens digit of b(z)?
7
Let a(w) = 27*w**2 + 24*w + 210. What is the units digit of a(-17)?
5
Suppose 5*t - 3*t - 3*d + 950 = 0, 0 = -t + 5*d - 461. Let o = t - -234. Let u = -124 - o. What is the units digit of u?
3
Let p(f) = -5*f**3 + 7*f**2 - 25. Let v(x) = 11*x**3 - 14*x**2 + x + 51. Let b(q) = 9*p(q) + 4*v(q). What is the units digit of b(7)?
7
Suppose 3*o + 51891 = 5*a, o - 11255 - 40628 = -5*a. What is the ten thousands digit of a?
1
Suppose g + 2*u - 760 + 303 = 0, -4*g + 3*u = -1806. Suppose -g = 14*v - 2959. What is the hundreds digit of v?
1
Let q(a) = -3*a + 5. Let j be q(1). Suppose -2*d = -j, 4*p = -d - 0*d + 13. Suppose 2*h + 314 = p*z, -h - 312 = -3*z + 2*h. What is the units digit of z?
6
Suppose 3 = -r - 3*s, 3*s + 18 = -2*r + s. Let y be ((r/(-3))/4)/((-1)/5). What is the tens digit of (-222)/y + (-39)/(-65)?
4
Let f(j) = j**2 - 11*j + 23. Let x(m) = -m. Let i = 15 - 5. Let q be x(i). What is the units digit of f(q)?
3
Let m be ((-3)/5)/(24324/24330 - 1). Suppose 0 = -7*s + m + 2579. What is the units digit of s?
6
Let k(y) = -y**3 + y**2 + 4*y + 6. Let v be k(3). Suppose 416*d - 411*d - 2820 = v. What is the units digit of d?
4
Suppose 3*s = 399 - 132. Let d = s - 68. What is the tens digit of 2170/d - (-1)/(-3)?
0
Suppose -6 = -3*p + 4*i - 3, -i + 18 = 3*p. Let a be (-1)/(p/(-20))*1246/8. Suppose 5*d + 98 = a. What is the tens digit of d?
0
Let w = -11733 - -25684. What is the units digit of w?
1
Let y = -5188 - -15639. What is the hundreds digit of y?
4
Let d(h) = -h**3 - 15*h**2 + 37*h - 35. Let p(k) = k**2 + 31*k - 19. Let s be p(-31). What is the hundreds digit of d(s)?
7
Suppose -5*v = r - 28, -2*v = 4*r - r - 45. Let u = 126 + r. What is the units digit of u?
9
Suppose 0 = 17*h - 20*h - 354. Let b = 335 - h. What is the units digit of b?
3
Suppose 11*b = 12*b, 4*b - 24348 = -3*z. What is the hundreds digit of z?
1
Let b(v) = -29*v + 19884. What is the thousands digit of b(167)?
5
Let v(z) = 44*z + z**2 - 28*z - 23*z - 3*z**3 - 7. What is the units digit of v(-4)?
9
Suppose -76*j + 3783144 + 389964 = -1693408. What is the ten thousands digit of j?
7
Suppose -14*p = -15*p + 156. What is the units digit of 186/9*p/8?
3
Let x = 42786 - 39422. What is the hundreds digit of x?
3
Suppose v = m - 16955, 17238 - 297 = m - 3*v. What is the tens digit of m?
6
Let q(b) = -71*b + 5. Let t be q(-1). Suppose 5*z - 2*z = 519. Let n = z - t. What is the tens digit of n?
9
Suppose 326197 + 581791 = 43*z. What is the hundreds digit of z?
1
Let d be ((-6)/10)/(1/15). Let x be 4/(-20) + -42*d/15. Suppose b - 26 = -g + 47, -5*b = -x. What is the units digit of g?
8
Let o(z) be the first derivative of -5*z**4/4 - 10*z**3/3 - 21*z**2/2 + 4*z + 62. What is the tens digit of o(-4)?
4
Let f(y) = -y**2 + 16*y + 51. Let n be f(22). What is the units digit of 4/36 - 129591/n?
0
Let m be (-15)/160*-8 + 34/8. What is the tens digit of (m + -9 + 5)*317?
1
Let x(c) = -2*c**2 + 34*c - 86. Let n be x(16). Let d = n + 357. What is the hundreds digit of d?
3
Let h = -31 - -34. Suppose 3*g = -3*k + h, 2*g - 2*k = g + 16. What is the hundreds digit of 1/2 - (-789)/g?
1
Let y be (-7 - -10) + (1 - -49). Let w = -68 + y. What is the units digit of (-138)/(-8) + -1 + w/60?
6
Let z be 3/(-15) + -4*(-18)/(-15). Let s = -1 - z. Suppose 5*y - d - 228 = 0, -y - y = s*d - 78. What is the tens digit of y?
4
What is the units digit of (279/12*-1)/(1 - (-2770)/(-2768))?
8
Let s = 1562 - -6272. What is the hundreds digit of s?
8
Let i be (65/(-15))/(-1) - (-4)/6. Suppose -3*b + r + 15 = 0, -5*b + i*r = r - 25. What is the units digit of 25607/145 + 2/b?
7
Suppose 5*j - 19 = 6. Suppose -j*w = -662 + 77. Suppose -5*i = -2*p + w, 2*p + i = 2*i + 129. What is the units digit of p?
6
Let m(u) = -u**3 - 17*u**2 - 32*u - 28. Let w be m(-15). Suppose -2*z = 4*y - 257 - 1303, -772 = -w*y + 3*z. What is the units digit of y?
9
Suppose 10 = -4*n + 14, 5*c + 18815 = 5*n. Let s = 5391 + c. What is the thousands digit of s?
1
Let n(m) = 28*m + 87. Let i be n(-11). Let x = 618 + i. What is the units digit of x?
7
Let j(w) = 5*w - 37. Let y be j(11). Let t = y + -16. Suppose 389 = 5*q + 2*r - 54, 3*r = -t*q + 175. What is the tens digit of q?
8
What is the tens digit of 1133540/(-120)*2*-3?
7
Suppose 35*y = 10*y + 25. What is the tens digit of y/(-2) + 6135/30?
0
Let k(x) = 157*x**2 + 19*x + 20. What is the tens digit of k(7)?
4
What is the ten thousands digit of 128048/3 - 27*44/(-3564)?
4
What is the tens digit of (-44)/(-33) + -11 + (-1802383)/(-33)?
0
Let d = -108 - -2158. Let n = -1383 + d. What is the units digit of n?
7
What is the ten thousands digit of 33/(-3) - (62 - 41900)?
4
Let h(b) = 12 - 8*b - 5*b**2 + 13*b**2 + 0*b. Let n(a) = a**3 - 30*a**2 + 54*a + 60. Let t be n(28). What is the hundreds digit of h(t)?
1
Suppose 24*s = -2*w + 25*s + 674, -4*w - 5*s + 1390 = 0. What is the tens digit of w?
4
Suppose -i = -5*i + 20. Suppose i*m = -12 + 57. Suppose 216 = -b + m*b. What is the tens digit of b?
2
Let j = -48 + 53. Suppose j*b = -3*b - 2240. Let n = -164 - b. What is the tens digit of n?
1
Suppose -4*g + 5*p + 27459 = 0, g + 5*p = 9433 - 2562. What is the thousands digit of g?
6
Suppose 17 = r - 26*m + 25*m, -4*r + m = -59. What is the tens digit of (6/r - (-9)/126)*1962?
8
Suppose 0 = -3*a + 5*a - 304. Let v = -103 + a. Let s = v - 32. What is the tens digit of s?
1
Let h(m) = m**3 + 3*m**2 - 10*m - 7. Let z be h(-5). Let f(i) = -13*i + 13. What is the hundreds digit of f(z)?
1
Suppose -2*z + 9*r + 11963 = 10*r, 0 = -4*z - 3*r + 23923. What is the hundreds digit of z?
9
Suppose -2*g = 3*s - 53181, 11*s - 53175 = -2*g + 6*s. Suppose 14*i + 6939 = g. What is the thousands digit of i?
1
Let i(t) = -t - 1. Let v be i(-3). Let w(a) = 5*a**2 + 2*a - 11. Let k be w(2). Suppose v*y + k*y = 2670. What is the tens digit of y?
7
Let n(y) = 279*y - 231. What is the thousands digit of n(30)?
8
Suppose 42 = 9*c - 3*c. Suppose -c = -v + 8. Let a(t) = 8*t - 41. What is the units digit of a(v)?
9
Suppose -5*b - 17710 = -4*m - 55007, -4*b - 5*m + 29895 = 0. What is the tens digit of b?
6
Let l = 8458 + 2651. What is the units digit of l?
9
Suppose -5*v + c = -3*v - 2340, v - 1170 = -4*c. Let h = 1644 - v. What is the hundreds digit of h?
4
Let b(h) = -16*h + 5. Let w be b(-5). Suppose -14*s = -9*s - w. Suppose s*r - 16*r - 4 = 0. What is the units digit of r?
4
Let b(y) be the first derivative of 2*y**3 + 8*y**2 + 14*y - 19. Let c(h) be the first derivative of b(h). What is the tens digit of c(2)?
4
Suppose -15*n + 93*n - 542958 = 0. What is the tens digit of n?
6
Let c(h) = 5*h**2 - 18*h + 28. Let r be c(6). Suppose -3*x = j - 262, j - r = 5*x + 162. What is the hundreds digit of j?
2
Let p be 56/14*(-10)/8. Let l(d) = d + 1. Let y be l(p). Let g(o) = -5*o + 12. What is the tens digit of g(y)?
3
Suppose 11*s - 13*s + 45622 = 3*q, -4*s + 91216 = -q. What is the ten thousands digit of s?
2
Let y(p) = -p. Let s(x) = -37*x - 2. Let t(a) = -s(a) + 3*y(a). Let c be 12 + (1 - -8)/(-1). What is the units digit of t(c)?
4
Suppose 434*t - 45902870 + 15322573 = -59*t. What is the ten thousands digit of t?
6
Suppose 6*u - 8*u = 8*u - 64740. What is the hundreds digit of u?
4
Suppose -22132 =